{"id":10,"date":"2025-10-11T15:02:56","date_gmt":"2025-10-11T15:02:56","guid":{"rendered":"https:\/\/gsotomora.com\/?page_id=10"},"modified":"2025-10-11T18:09:44","modified_gmt":"2025-10-11T18:09:44","slug":"el-principito","status":"publish","type":"page","link":"https:\/\/gsotomora.com\/","title":{"rendered":"El Principito"},"content":{"rendered":"\n<h2 class=\"wp-block-heading\">ANTOINE DE SAINT &#8211; EXUP\u00c9RY<\/h2>\n\n\n\n<p><a href=\"http:\/\/capitulo1\">Cap\u00edtulo 1<\/a><\/p>\n\n\n\n<p><a href=\"#capitulo2\">Cap\u00edtulo 2<\/a><\/p>\n\n\n\n<p><a href=\"#capitulo3\">Cap\u00edtulo 3<\/a><\/p>\n\n\n\n<p><a href=\"http:\/\/capitulo4\">Cap\u00edtulo 4<\/a><\/p>\n\n\n\n<p><a href=\"http:\/\/capitulo5\">Cap\u00edtulo 5<\/a><\/p>\n\n\n\n<p><a href=\"http:\/\/capitulo6\">Cap\u00edtulo 6<\/a><\/p>\n\n\n\n<p><a href=\"http:\/\/capitulo7\">Cap\u00edtulo 7<\/a><\/p>\n\n\n\n<p><a href=\"#capitulo8\">Cap\u00edtulo 8<\/a><\/p>\n\n\n\n<p><\/p>\n\n\n\n<h3 class=\"wp-block-heading has-text-color has-link-color wp-elements-7bca630945ef60cf4ce621c6ed9660ed\" id=\"capitulo1\" style=\"color:#e660db\">1. El narrador y su dibujo del boa constrictor<\/h3>\n\n\n\n<p>El aviador cuenta c\u00f3mo los adultos nunca entendieron sus dibujos de una serpiente que se com\u00eda un elefante.<\/p>\n\n\n\n<h3 class=\"wp-block-heading\" id=\"capitulo2\">2. El encuentro con el Principito<\/h3>\n\n\n\n<p>El narrador se encuentra con el Principito en el desierto del Sahara despu\u00e9s de una aver\u00eda en su avi\u00f3n.<\/p>\n\n\n\n<h3 class=\"wp-block-heading has-text-color has-link-color has-fira-code-font-family wp-elements-99a907baf777df3fd8c6fc1a167a6b6f\" id=\"capitulo3\" style=\"color:#de8b8b;font-style:normal;font-weight:400\">3. El Principito habla de su planeta y su flor<\/h3>\n\n\n\n<p>Empieza a contar sobre su hogar, el asteroide B-612, y su vida all\u00ed.<\/p>\n\n\n\n<h3 class=\"wp-block-heading\" id=\"capitulo4\">4. El astr\u00f3nomo turco y el descubrimiento del asteroide<\/h3>\n\n\n\n<p>Se explica c\u00f3mo fue descubierto el planeta del Principito y c\u00f3mo los adultos solo creen en las cifras<\/p>\n\n\n\n<h3 class=\"wp-block-heading\" id=\"capitulo5\">5. Los baobabs<\/h3>\n\n\n\n<p>El Principito advierte sobre el peligro de los baobabs, que pueden destruir su peque\u00f1o planeta si no se arrancan a tiempo.<\/p>\n\n\n\n<h3 class=\"wp-block-heading\" id=\"capitulo6\">6. La puesta de sol<\/h3>\n\n\n\n<p>Describe c\u00f3mo en su planeta puede ver muchas puestas de sol solo moviendo su silla.<\/p>\n\n\n\n<h3 class=\"wp-block-heading\" id=\"capitulo7\">7. La discusi\u00f3n sobre la flor y el orgullo<\/h3>\n\n\n\n<p>El Principito se enoja al hablar de su flor y su car\u00e1cter vanidoso.<\/p>\n\n\n\n<h3 class=\"wp-block-heading\" id=\"capitulo8\">8. La flor del Principito<\/h3>\n\n\n\n<p>Relata c\u00f3mo naci\u00f3 su flor y c\u00f3mo aprendi\u00f3 a conocerla y cuidarla.<\/p>\n\n\n\n<h3 class=\"wp-block-heading\"><\/h3>\n\n\n\n<p><\/p>\n\n\n\n<h3 class=\"wp-block-heading\"><\/h3>\n\n\n\n<p><\/p>\n\n\n\n<p><\/p>\n","protected":false},"excerpt":{"rendered":"<p>ANTOINE DE SAINT &#8211; EXUP\u00c9RY Cap\u00edtulo 1 Cap\u00edtulo 2 Cap\u00edtulo 3 Cap\u00edtulo 4 Cap\u00edtulo 5 Cap\u00edtulo 6 Cap\u00edtulo 7 Cap\u00edtulo 8 1. El narrador y su dibujo del boa constrictor El aviador cuenta c\u00f3mo los adultos nunca entendieron sus dibujos de una serpiente que se com\u00eda un elefante. 2. El encuentro con el Principito El [&hellip;]<\/p>\n","protected":false},"author":1,"featured_media":0,"parent":0,"menu_order":0,"comment_status":"closed","ping_status":"closed","template":"","meta":{"footnotes":""},"class_list":["post-10","page","type-page","status-publish","hentry"],"yoast_head":"<!-- This site is optimized with the Yoast SEO plugin v27.4 - https:\/\/yoast.com\/product\/yoast-seo-wordpress\/ -->\n<title>El Principito - Gabriel Sotomora<\/title>\n<meta name=\"robots\" content=\"index, follow, max-snippet:-1, max-image-preview:large, max-video-preview:-1\" \/>\n<link rel=\"canonical\" href=\"https:\/\/gsotomora.com\/\" \/>\n<meta property=\"og:locale\" content=\"en_US\" \/>\n<meta property=\"og:type\" content=\"article\" \/>\n<meta property=\"og:title\" content=\"El Principito - Gabriel Sotomora\" \/>\n<meta property=\"og:description\" content=\"ANTOINE DE SAINT &#8211; EXUP\u00c9RY Cap\u00edtulo 1 Cap\u00edtulo 2 Cap\u00edtulo 3 Cap\u00edtulo 4 Cap\u00edtulo 5 Cap\u00edtulo 6 Cap\u00edtulo 7 Cap\u00edtulo 8 1. El narrador y su dibujo del boa constrictor El aviador cuenta c\u00f3mo los adultos nunca entendieron sus dibujos de una serpiente que se com\u00eda un elefante. 2. El encuentro con el Principito El [&hellip;]\" \/>\n<meta property=\"og:url\" content=\"https:\/\/gsotomora.com\/\" \/>\n<meta property=\"og:site_name\" content=\"Gabriel Sotomora\" \/>\n<meta property=\"article:modified_time\" content=\"2025-10-11T18:09:44+00:00\" \/>\n<meta name=\"twitter:card\" content=\"summary_large_image\" \/>\n<meta name=\"twitter:label1\" content=\"Est. reading time\" \/>\n\t<meta name=\"twitter:data1\" content=\"1 minute\" \/>\n<script type=\"application\/ld+json\" class=\"yoast-schema-graph\">{\"@context\":\"https:\\\/\\\/schema.org\",\"@graph\":[{\"@type\":\"WebPage\",\"@id\":\"https:\\\/\\\/gsotomora.com\\\/\",\"url\":\"https:\\\/\\\/gsotomora.com\\\/\",\"name\":\"El Principito - Gabriel Sotomora\",\"isPartOf\":{\"@id\":\"https:\\\/\\\/gsotomora.com\\\/#website\"},\"datePublished\":\"2025-10-11T15:02:56+00:00\",\"dateModified\":\"2025-10-11T18:09:44+00:00\",\"breadcrumb\":{\"@id\":\"https:\\\/\\\/gsotomora.com\\\/#breadcrumb\"},\"inLanguage\":\"en-US\",\"potentialAction\":[{\"@type\":\"ReadAction\",\"target\":[\"https:\\\/\\\/gsotomora.com\\\/\"]}]},{\"@type\":\"BreadcrumbList\",\"@id\":\"https:\\\/\\\/gsotomora.com\\\/#breadcrumb\",\"itemListElement\":[{\"@type\":\"ListItem\",\"position\":1,\"name\":\"Home\",\"item\":\"https:\\\/\\\/gsotomora.com\\\/\"},{\"@type\":\"ListItem\",\"position\":2,\"name\":\"El Principito\"}]},{\"@type\":\"WebSite\",\"@id\":\"https:\\\/\\\/gsotomora.com\\\/#website\",\"url\":\"https:\\\/\\\/gsotomora.com\\\/\",\"name\":\"Gabriel Sotomora\",\"description\":\"Portafolio\",\"potentialAction\":[{\"@type\":\"SearchAction\",\"target\":{\"@type\":\"EntryPoint\",\"urlTemplate\":\"https:\\\/\\\/gsotomora.com\\\/?s={search_term_string}\"},\"query-input\":{\"@type\":\"PropertyValueSpecification\",\"valueRequired\":true,\"valueName\":\"search_term_string\"}}],\"inLanguage\":\"en-US\"}]}<\/script>\n<!-- \/ Yoast SEO plugin. -->","yoast_head_json":{"title":"El Principito - Gabriel Sotomora","robots":{"index":"index","follow":"follow","max-snippet":"max-snippet:-1","max-image-preview":"max-image-preview:large","max-video-preview":"max-video-preview:-1"},"canonical":"https:\/\/gsotomora.com\/","og_locale":"en_US","og_type":"article","og_title":"El Principito - Gabriel Sotomora","og_description":"ANTOINE DE SAINT &#8211; EXUP\u00c9RY Cap\u00edtulo 1 Cap\u00edtulo 2 Cap\u00edtulo 3 Cap\u00edtulo 4 Cap\u00edtulo 5 Cap\u00edtulo 6 Cap\u00edtulo 7 Cap\u00edtulo 8 1. El narrador y su dibujo del boa constrictor El aviador cuenta c\u00f3mo los adultos nunca entendieron sus dibujos de una serpiente que se com\u00eda un elefante. 2. El encuentro con el Principito El [&hellip;]","og_url":"https:\/\/gsotomora.com\/","og_site_name":"Gabriel Sotomora","article_modified_time":"2025-10-11T18:09:44+00:00","twitter_card":"summary_large_image","twitter_misc":{"Est. reading time":"1 minute"},"schema":{"@context":"https:\/\/schema.org","@graph":[{"@type":"WebPage","@id":"https:\/\/gsotomora.com\/","url":"https:\/\/gsotomora.com\/","name":"El Principito - Gabriel Sotomora","isPartOf":{"@id":"https:\/\/gsotomora.com\/#website"},"datePublished":"2025-10-11T15:02:56+00:00","dateModified":"2025-10-11T18:09:44+00:00","breadcrumb":{"@id":"https:\/\/gsotomora.com\/#breadcrumb"},"inLanguage":"en-US","potentialAction":[{"@type":"ReadAction","target":["https:\/\/gsotomora.com\/"]}]},{"@type":"BreadcrumbList","@id":"https:\/\/gsotomora.com\/#breadcrumb","itemListElement":[{"@type":"ListItem","position":1,"name":"Home","item":"https:\/\/gsotomora.com\/"},{"@type":"ListItem","position":2,"name":"El Principito"}]},{"@type":"WebSite","@id":"https:\/\/gsotomora.com\/#website","url":"https:\/\/gsotomora.com\/","name":"Gabriel Sotomora","description":"Portafolio","potentialAction":[{"@type":"SearchAction","target":{"@type":"EntryPoint","urlTemplate":"https:\/\/gsotomora.com\/?s={search_term_string}"},"query-input":{"@type":"PropertyValueSpecification","valueRequired":true,"valueName":"search_term_string"}}],"inLanguage":"en-US"}]}},"jetpack_sharing_enabled":true,"_links":{"self":[{"href":"https:\/\/gsotomora.com\/index.php\/wp-json\/wp\/v2\/pages\/10","targetHints":{"allow":["GET"]}}],"collection":[{"href":"https:\/\/gsotomora.com\/index.php\/wp-json\/wp\/v2\/pages"}],"about":[{"href":"https:\/\/gsotomora.com\/index.php\/wp-json\/wp\/v2\/types\/page"}],"author":[{"embeddable":true,"href":"https:\/\/gsotomora.com\/index.php\/wp-json\/wp\/v2\/users\/1"}],"replies":[{"embeddable":true,"href":"https:\/\/gsotomora.com\/index.php\/wp-json\/wp\/v2\/comments?post=10"}],"version-history":[{"count":2,"href":"https:\/\/gsotomora.com\/index.php\/wp-json\/wp\/v2\/pages\/10\/revisions"}],"predecessor-version":[{"id":30,"href":"https:\/\/gsotomora.com\/index.php\/wp-json\/wp\/v2\/pages\/10\/revisions\/30"}],"wp:attachment":[{"href":"https:\/\/gsotomora.com\/index.php\/wp-json\/wp\/v2\/media?parent=10"}],"curies":[{"name":"wp","href":"https:\/\/api.w.org\/{rel}","templated":true}]}}